 a?
-22
In base 6, what is 10 - 1340?
-1330
In base 16, what is -1b - -3d?
22
In base 2, what is 1011100111 + 100?
1011101011
In base 12, what is -180 + -6?
-186
In base 16, what is -11 - 13?
-24
In base 4, what is 10 + 3100?
3110
In base 2, what is -10 - 110101?
-110111
In base 6, what is 430 - 3?
423
In base 2, what is 10011 - 11011?
-1000
In base 5, what is 2 + -3404?
-3402
In base 8, what is 2462 + 0?
2462
In base 12, what is -a - -306?
2b8
In base 15, what is -35b - -2?
-359
In base 13, what is 1 - 114?
-113
In base 9, what is -3 - -648?
645
In base 5, what is 0 + 1?
1
In base 7, what is 52 + -2?
50
In base 9, what is 45 - 76?
-31
In base 10, what is 284 - -3?
287
In base 13, what is -27 + 2?
-25
In base 5, what is 10 + -2331?
-2321
In base 10, what is 76 + 0?
76
In base 11, what is -a3 + -22?
-115
In base 3, what is -200 - -20021?
12121
In base 5, what is -40 - -4?
-31
In base 14, what is -3067 - 3?
-306a
In base 8, what is 7 + -24?
-15
In base 8, what is -5 + -11750?
-11755
In base 10, what is -5 + 107?
102
In base 9, what is -8 - -30?
21
In base 14, what is 23 + -1?
22
In base 2, what is -1 - -11?
10
In base 11, what is -7 - -59?
52
In base 12, what is a - -86?
94
In base 15, what is -102 + 5?
-ec
In base 5, what is 3 - -402?
410
In base 8, what is 3102 + 1?
3103
In base 10, what is -229 - -4?
-225
In base 13, what is -3 - 55?
-58
In base 4, what is -1 + 13223?
13222
In base 12, what is 602 - 9?
5b5
In base 14, what is 8 - 3ba?
-3b2
In base 11, what is -6 + -279?
-284
In base 15, what is 1c - 3?
19
In base 14, what is 3 + -a?
-7
In base 10, what is -1 - 1280?
-1281
In base 3, what is -220 + 120020?
112100
In base 8, what is 2 + 1220?
1222
In base 7, what is 44 - 4?
40
In base 12, what is 4 - 837?
-833
In base 2, what is -100100100011 - -111?
-100100011100
In base 15, what is 1c5 - -14?
1d9
In base 4, what is 113231 - 100?
113131
In base 9, what is -31 - 17?
-48
In base 5, what is 22 + -44?
-22
In base 11, what is -5 + -6?
-10
In base 6, what is -1 + -1130?
-1131
In base 12, what is 17 - 191?
-176
In base 5, what is 0 + -11240?
-11240
In base 12, what is 81 + 5?
86
In base 16, what is 17ef + -2?
17ed
In base 9, what is -3 - -224?
221
In base 2, what is 0 - -1011100?
1011100
In base 16, what is 2 + -4ec?
-4ea
In base 4, what is -10311 + -212?
-11123
In base 3, what is 212 + 11222?
12211
In base 15, what is 0 - -29?
29
In base 5, what is -22 + 12?
-10
In base 5, what is 120022 - -1?
120023
In base 6, what is -5 - -1343?
1334
In base 14, what is 8a + 2?
8c
In base 12, what is -13b08 + -3?
-13b0b
In base 3, what is 20010 - 12?
12221
In base 12, what is 5 - -138?
141
In base 13, what is -16 - -ca?
b4
In base 9, what is 3188 - -4?
3203
In base 7, what is 62 - -1603?
1665
In base 9, what is -10550 + 2?
-10547
In base 11, what is -428 - -9?
-41a
In base 16, what is -3 - e1?
-e4
In base 8, what is -1 - 1050?
-1051
In base 6, what is 2020 - -2?
2022
In base 5, what is -10 + -1140?
-1200
In base 9, what is -1240 - -4?
-1235
In base 15, what is b - -b2?
bd
In base 10, what is 528 + -1?
527
In base 11, what is 2 - -75?
77
In base 13, what is -c + -3?
-12
In base 15, what is -6 - 3?
-9
In base 5, what is 3 + 30?
33
In base 4, what is 11 + -11?
0
In base 16, what is -35 - 8?
-3d
In base 14, what is -127b + -4?
-1281
In base 11, what is 90 - 31?
5a
In base 3, what is 2 + 120201?
120210
In base 13, what is -b + 335?
327
In base 14, what is 5ad + -9?
5a4
In base 4, what is 122 - 1313?
-1131
In base 8, what is 3 - 41?
-36
In base 9, what is 2511 + -1?
2510
In base 13, what is -61 + 20?
-41
In base 16, what is -3 - -260?
25d
In base 4, what is -201 + 313?
112
In base 4, what is 10 - 333?
-323
In base 6, what is -22 + -3?
-25
In base 10, what is -15 - -1?
-14
In base 4, what is 1 - -103?
110
In base 9, what is 1321 + 28?
1350
In base 8, what is -16 - 107?
-125
In base 10, what is 16438 + -1?
16437
In base 2, what is -1001110111011 + 0?
-1001110111011
In base 4, what is -3 - -13030?
13021
In base 9, what is 4 - -12?
16
In base 12, what is -26 - 6?
-30
In base 16, what is 4 + -64?
-60
In base 2, what is -110111001 + -10000?
-111001001
In base 2, what is 110111011 - -110?
111000001
In base 5, what is -21 - -1103?
1032
In base 16, what is 1a9 - -6?
1af
In base 8, what is -305 + -3?
-310
In base 4, what is -1102 + 0?
-1102
In base 10, what is 13 + 1964?
1977
In base 3, what is -22101 + 12?
-22012
In base 8, what is 20376 - 3?
20373
In base 16, what is -4 - -4?
0
In base 11, what is 785 + -5?
780
In base 2, what is -111101 - 11?
-1000000
In base 2, what is 1011 - -110000101?
110010000
In base 14, what is d + -6b?
-5c
In base 3, what is -1210 - 2111?
-11021
In base 12, what is -7 + 1?
-6
In base 2, what is 1010101 - -100000?
1110101
In base 5, what is 11 - 142?
-131
In base 14, what is 7 + 559?
562
In base 16, what is 2 - 53?
-51
In base 9, what is -3 - 1025?
-1028
In base 16, what is -bde + 5?
-bd9
In base 9, what is 3 - 3?
0
In base 9, what is -2864 + 2?
-2862
In base 5, what is 4 + 110?
114
In base 3, what is 10 - -21?
101
In base 3, what is -2 - -2022?
2020
In base 6, what is -10310 + 0?
-10310
In base 11, what is 4 - -18?
21
In base 11, what is -2027 + -5?
-2031
In base 13, what is -29 + 7?
-22
In base 5, what is -30 + 31?
1
In base 3, what is -10022 + -22?
-10121
In base 7, what is 23 + 51?
104
In base 8, what is 327 - 4?
323
In base 9, what is 61 - 10?
51
In base 4, what is -10 + 3333?
3323
In base 12, what is 136 + 2?
138
In base 9, what is -7848 - -2?
-7846
In base 4, what is -11 - -112?
101
In base 15, what is -291 - 0?
-291
In base 14, what is -b2d - 5?
-b34
In base 12, what is 0 + -b6?
-b6
In base 6, what is 12 - 50?
-34
In base 5, what is -242412 - -1?
-242411
In base 2, what is 110111 + 10001?
1001000
In base 5, what is 24 - -2033?
2112
In base 6, what is -225 - -12?
-213
In base 3, what is -121111 - 112?
-122000
In base 3, what is 1 + -2012100?
-2012022
In base 9, what is -142 - -5?
-136
In base 15, what is 5 + a?
10
In base 10, what is 1 - 129?
-128
In base 12, what is 14a + 2?
150
In base 4, what is -2 - -12?
10
In base 4, what is -203 + 11?
-132
In base 4, what is 120 + 212?
332
In base 14, what is 137 + 1?
138
In base 9, what is 303 + 4?
307
In base 4, what is -3 - 31130?
-31133
In base 13, what is 2 + -135?
-133
In base 4, what is -2023 - 3?
-2032
In base 10, what is 15177 + -3?
15174
In base 13, what is c - -c33?
c42
In base 7, what is 164 + -2?
162
In base 2, what is 10110 - -110?
11100
In base 2, what is -1000100010101 - -10?
-1000100010011
In base 16, what is da + -4?
d6
In base 2, what is -10111 + 0?
-10111
In base 7, what is -331 - 4?
-335
In base 12, what is 1 - 17?
-16
In base 15, what is -37 - -11?
-26
In base 9, what is 0 - -3313?
3313
In base 6, what is 253013 + 2?
253015
In base 16, what is -b + 3b?
30
In base 13, what is -1 + 594?
593
In base 2, what is -10100 - 10100010?
-10110110
In base 4, what is 1033 - -122?
1221
In base 6, what is -135 + 5?
-130
In base 3, what is 11 - -2001?
2012
In base 13, what is -249b - 2?
-24a0
In base 16, what is 1 - f6f?
-f6e
In base 13, what is -6 + 1?
-5
In base 4, what is 10 + -22003?
-21333
In base 7, what is -1 - 12155?
-12156
In base 4, what is 3303 - 211?
3032
In base 15, what is c - 54?
-47
In base 10, what is -9 + -47?
-56
In base 14, what is 4350 + 2?
4352
In base 8, what is 34 - -4?
40
In base 6, what is -42325 + 4?
-42321
In base 14, what is -199 - -2?
-197
In base 12, what is -28 - 2?
-2a
In base 8, what is -20 + -646?
-666
In base 14, what is 10 + -11?
-1
In base 11, what is -1 - 744?
-745
In base 5, what is -3 - -1032?
1024
In base 6, what is -1033 - -21?
-1012
In base 5, what is 32 - 3?
24
In base 11, what is -19 + 6?
-13
In base 15, what is -2 + a9?
a7
In base 14, what is -348 + 3?
-345
In base 16, what is 26 - -1?
27
In base 5, what is 121 + 2?
123
In base 6, what is 42 - 24?
14
In base 14, what is 5abd + 3?
5ac2
In base 6, what is 510 + -5?
501
In base 8, what is -200 - 5?
-205
In base 10, what is -20 - 16?
-36
In base 2, what is -100001 - -10?
-11111
In base 12, what is -3 - 64b?
-652
In base 7, what is -1 + 1132?
1131
In base 14, what is 10 - -7?
17
In base 5, what is 23233 + 1?
23234
In base 10, what is -48 + 5?
-43
In base 9, what is -4 - -563?
558
In base 8, what is -76 - 